w(9).
-4
Let p(n) = 19892*n - 99482. Determine p(5).
-22
Let k(m) = 2*m**3 + 154*m**2 + 322*m + 1677. Determine k(-75).
27
Let n(p) = 7*p**3 - 183*p**2 + 479*p + 600. What is n(23)?
-21
Let z(i) = 4*i**3 + i**2 - 4*i - 3326. Determine z(0).
-3326
Let l(k) = 29*k**3 - 125*k**2 - 348*k + 8. What is l(-3)?
-856
Let r(o) = -424*o**2 + 15066*o + 7122. Give r(36).
-6
Let n(z) = z**3 - 87*z**2 + 284*z - 9687. Give n(85).
3
Let a(j) = 3*j**2 - 1046*j - 636973. Calculate a(667).
12
Let x(i) = -2*i**2 - 3450*i - 51303. Calculate x(-15).
-3
Let x(i) = i**2 - 31*i + 234. Calculate x(22).
36
Let i(l) = -l**3 + 16*l**2 + 105*l + 81. What is i(-5)?
81
Let l(r) = -49*r**2 - 1285*r - 7730. Calculate l(-6).
-1784
Let s(t) = 4*t**3 - 37*t**2 - 433*t + 1534. Give s(3).
10
Let o(n) = 49090*n + 147434. Give o(-3).
164
Let s(z) = -z**3 - 74*z**2 - 156*z - 748. What is s(-72)?
116
Let t(i) = 59*i**3 + 104007*i**2 - 17626*i + 7057. Determine t(-1763).
5
Let a(m) = 556*m - 240949. What is a(434)?
355
Let q(p) = -4*p**2 - 319*p + 110. What is q(-81)?
-295
Let v(u) = 20*u - 628. Determine v(-18).
-988
Let r(p) = -4220*p - 34058. Calculate r(-8).
-298
Let o(j) = -5*j**2 + 254*j - 2304. What is o(39)?
-3
Let n(f) = 2929*f + 9479. What is n(-4)?
-2237
Let a(f) = -3*f**2 - 130*f + 4243. Give a(-65).
18
Let w(f) = -39995*f - 120586. Calculate w(-3).
-601
Let p(c) = 4*c**2 - 1213*c + 91872. Give p(150).
-78
Let f(m) = 99*m**2 + 470*m - 11. Give f(-4).
-307
Let k(h) = 39203*h - 39304. Calculate k(1).
-101
Let h(i) = 13818*i**2 - 151994*i - 49. What is h(11)?
-5
Let p(s) = 20*s**2 - 438*s + 226. Give p(17).
-1440
Let o(h) = -h**3 + 2*h**2 + 15*h - 64. What is o(-5)?
36
Let k(h) = -h**2 - 82274*h - 4357732. Calculate k(-53).
-19
Let x(l) = -310*l - 105375. What is x(-340)?
25
Let r(v) = 1463*v**3 + 55*v**2 + 84*v + 29. Give r(-1).
-1463
Let c(n) = -691*n + 2839. What is c(4)?
75
Let u(i) = i**2 - 960*i + 57213. What is u(64)?
-131
Let y(h) = -15*h**2 + 172*h - 504. Calculate y(6).
-12
Let x(r) = -3*r**3 + 9*r**2 - 56*r + 233. Give x(5).
-197
Let n(m) = 11*m**3 - 48*m**2 - 20*m - 15. What is n(4)?
-159
Let r(b) = 114*b - 11606. Give r(101).
-92
Let a(q) = 341*q**2 - 803721*q - 37710. Give a(2357).
2
Let k(g) = 444*g - 2551. Give k(6).
113
Let l(x) = 1792*x - 98728. Calculate l(55).
-168
Let h(b) = -980*b + 23556. Calculate h(24).
36
Let f(x) = 2228*x + 2203. Give f(-1).
-25
Let g(m) = 424660*m + 3397283. Calculate g(-8).
3
Let t(r) = r**3 + 48*r**2 - 961*r - 1004. Give t(-63).
4
Let o(y) = 3*y**2 + 2943*y + 721531. Determine o(-482).
-23
Let q(a) = 2*a**2 - 1777*a + 316423. What is q(642)?
-83
Let f(j) = 13*j**3 + 4975*j**2 + 3424*j - 5342. Determine f(-382).
6
Let b(s) = -3*s**2 + 248*s - 2809. Determine b(14).
75
Let m(j) = 2082713*j - 27075259. Determine m(13).
10
Let h(r) = 5*r - 411. Determine h(51).
-156
Let w(i) = -821*i + 21417. Determine w(26).
71
Let o(b) = 102536*b - 33631806. What is o(328)?
2
Let w(x) = -13985*x + 139767. Determine w(10).
-83
Let s(n) = -55*n**2 + 1052*n - 1192. Determine s(18).
-76
Let d(o) = o**2 - 965*o - 65852. Calculate d(-64).
4
Let z(u) = 4*u**3 - 317*u**2 + 79*u - 8. What is z(79)?
-8
Let f(h) = -h**3 - 159*h**2 - 629*h - 1169. Determine f(-155).
226
Let o(u) = -1480*u - 4130. Calculate o(-3).
310
Let c(y) = -5628*y - 202682. Determine c(-36).
-74
Let c(j) = -419407*j - 13001603. Determine c(-31).
14
Let m(a) = -944*a + 24445. What is m(26)?
-99
Let b(i) = 18*i**3 + 67*i**2 - 264*i + 262. Calculate b(2).
146
Let f(v) = -4735*v**2 - 516117*v - 208. What is f(-109)?
10
Let w(j) = -24828*j + 248286. Calculate w(10).
6
Let l(h) = 53*h**2 - 265*h - 529. What is l(-9)?
6149
Let j(m) = 634*m**2 - 6333*m - 65. Calculate j(10).
5
Let s(w) = 188*w**3 - 15*w**2 - 26*w + 78. What is s(3)?
4941
Let g(a) = a**3 + 1380*a**2 - 19628*a + 1563. Determine g(14).
-5
Let w(p) = p**2 + 3165*p + 22123. Give w(-7).
17
Let m(l) = 5*l**3 + 7*l**2 - 20*l - 32. Give m(3).
106
Let y(u) = 50*u**2 - 1284*u - 16342. What is y(35)?
-32
Let c(s) = 152*s + 198. What is c(11)?
1870
Let t(s) = 12961*s + 208318. Give t(-16).
942
Let m(l) = 429*l**2 - 45905*l + 216. Determine m(107).
2
Let f(l) = -11019*l - 231478. Determine f(-21).
-79
Let x(v) = -16*v**2 + 9713*v + 48587. Determine x(-5).
-378
Let t(d) = -22*d**2 - 461*d - 36. Calculate t(-25).
-2261
Let n(y) = -y**2 - 26*y + 94. What is n(6)?
-98
Let i(d) = -7765*d - 15791. Give i(-2).
-261
Let p(w) = -8947*w - 4509205. What is p(-504)?
83
Let r(z) = -344*z - 5075. What is r(-15)?
85
Let f(h) = 5*h**3 - 153*h**2 + 235*h + 58. Calculate f(29).
145
Let p(x) = -x**3 - 246*x - 153. Calculate p(0).
-153
Let d(l) = -1001*l + 1172. Determine d(1).
171
Let i(f) = 3*f**3 - 51*f**2 - 186*f + 69. Calculate i(20).
-51
Let f(z) = -19*z**3 + 328*z**2 - 88*z + 7. Give f(17).
-44
Let j(u) = -29*u**2 - 19150*u - 57462. What is j(-3)?
-273
Let d(n) = -7*n**3 - 926*n**2 + 209*n + 62440. Give d(-132).
4
Let r(d) = -2*d**3 + 346*d**2 + 340*d + 1338. What is r(174)?
-54
Let w(q) = -2*q**2 + 483*q - 19131. Determine w(50).
19
Let z(t) = 99314*t + 397028. What is z(-4)?
-228
Let t(v) = -137*v - 2264. Calculate t(-14).
-346
Let m(b) = b**2 - 21*b - 479. Calculate m(17).
-547
Let g(z) = -517*z**3 + 6731*z**2 - 145*z + 183. What is g(13)?
-12
Let d(s) = 575*s**2 - 10351*s + 18. Give d(18).
0
Let h(f) = f**3 - 10*f**2 - 70*f + 1136. Give h(14).
940
Let p(l) = 24*l + 2879. What is p(-108)?
287
Let z(l) = -l**3 + 10*l**2 + 251*l + 998. What is z(-7)?
74
Let v(u) = -17263*u + 552395. What is v(32)?
-21
Let t(o) = 5*o**3 + 64*o**2 - 231*o - 1012. What is t(-15)?
-22
Let f(k) = -14*k**2 + 138*k + 1346. Give f(-6).
14
Let n(p) = 114*p**2 - 1469*p - 14. Determine n(12).
-1226
Let h(x) = 15*x**2 + 86*x + 64. What is h(-12)?
1192
Let u(o) = o**2 + 270*o - 6737. What is u(-293)?
2
Let f(z) = 2*z**3 + 71*z**2 - 1362*z - 37354. Calculate f(-41).
-3
Let t(s) = 52*s**2 + 416*s - 38. Calculate t(-8).
-38
Let i(o) = 639*o**2 - 137341*o - 9455. Give i(215).
5
Let i(j) = 2*j**2 + 393*j - 13139. Calculate i(29).
-60
Let a(l) = -1470*l - 7368. Give a(-5).
-18
Let l(z) = 2*z**3 + 532*z**2 + 1065*z + 2175. Calculate l(-264).
-201
Let s(u) = 215*u + 17914. Determine s(-86).
-576
Let i(w) = 114*w**3 - 794*w**2 + 65*w - 412. What is i(7)?
239
Let l(u) = u**3 - 32*u**2 - 984*u - 1102. Determine l(-18).
410
Let x(f) = -f**3 - 416*f**2 + 337*f - 33375. Give x(-417).
-15
Let x(f) = -61*f**2 - 27*f + 44. Determine x(4).
-1040
Let h(x) = -x**3 + 12*x**2 + 204*x - 2292. Determine h(12).
156
Let v(g) = -10*g**2 - 13615*g - 74595. What is v(-1356)?
-15
Let o(i) = -22663*i - 929176. Determine o(-41).
7
Let q(u) = u**2 - 4190*u - 71596. Give q(-17).
-77
Let a(f) = -313869*f - 627733. What is a(-2)?
5
Let o(w) = -401386*w - 39737218. What is o(-99)?
-4
Let m(r) = -r**3 - 87*r**2 - 257*r - 7185. Calculate m(-85).
210
Let t(r) = -14027*r + 5021665. What is t(358)?
-1
Let o(y) = -7*y**2 + 266*y - 1301. Give o(6).
43
Let q(w) = 30*w**3 - 504*w**2 - 74*w - 478. Calculate q(17).
-2
Let h(m) = -m**2 - 11706*m + 1646448. What is h(139)?
-7
Let h(k) = 4*k**2 - 9*k - 830. Determine h(-11).
-247
Let d(h) = -37282*h + 8947675. Give d(240).
-5
Let p(l) = -9*l**2 + 1525*l + 2449. Calculate p(171).
55
Let w(p) = -359*p + 6542. Give w(18).
80
Let h(d) = -d**3 + 6*d**2 + 155*d + 186. What is h(-9)?
6
Let o(i) = i**3 - 13*i**2 + 90*i - 4. Give o(10).
596
Let b(x) = -x**3 - 146*x**2 + 1066*x + 175610. What is b(-145)?
15
Let b(i) = 451*i + 565. Determine b(-1).
114
Let d(v) = 203047*v - 2030356. Calculate d(10).
114
Let l(j) = 2*j**3 + 232*j**2 - 230*j + 1711. What is l(-117)?
1243
Let f(p) = -745*p - 98879. What is f(-134)?
951
Let n(k) = 16*k**2 - 23*k - 389. What is n(-4)?
-41
Let y(r) = -r**3 + 5*r**2 + 202*r - 101. What is y(-12)?
-77
Let v(g) = -1480*g - 10953. Calculate v(-6).
-2073
Let x(r) = -59693*r + 298471. Determine x(5).
6
Let o(j) = -j**3 + 25*j**2 - 164*j + 69. Give o(18).
-615
Let o(i) = -i**3 - 18*i**2 + 2500*i + 741. Determine o(42).
-99
Let k(v) = -22280*v + 423323. Determine k(19).
3
Let r(f) = -6*f**3 - 134*f**2 - 137*f + 686. Give r(-21).
35
Let y(g) = -2797*g + 335767. Determine y(120).
127
Let s(k) = -11*k**2 - 1170*k - 9017. What is s(-98)?
-1
Let q(r) = -6*r**2 - 3795*r + 30739. 